{"id":201,"date":"2020-12-04T10:13:25","date_gmt":"2020-12-04T15:13:25","guid":{"rendered":"https:\/\/smho-test.boreal321.com\/fwsecondary\/?page_id=201"},"modified":"2021-03-03T12:09:27","modified_gmt":"2021-03-03T17:09:27","slug":"etre-respectueux","status":"publish","type":"page","link":"https:\/\/smho-test.boreal321.com\/fwsecondary\/relations-saines\/etre-respectueux\/","title":{"rendered":"\u00catre respectueux"},"content":{"rendered":"","protected":false},"excerpt":{"rendered":"<p>Apprendre aux \u00e9l\u00e8ves \u00e0 reconna\u00eetre que les gens sont \u00e0 la fois pareils et diff\u00e9rents, et \u00e0 accepter ces diff\u00e9rences, peut les aider \u00e0 appr\u00e9cier la diversit\u00e9 et les encourager \u00e0 traiter les autres avec respect et bienveillance.<\/p>\n","protected":false},"author":2,"featured_media":865,"parent":89,"menu_order":0,"comment_status":"closed","ping_status":"closed","template":"child-template.php","meta":{"_acf_changed":false,"footnotes":""},"categories":[],"tags":[],"class_list":["post-201","page","type-page","status-publish","has-post-thumbnail","hentry"],"acf":[],"_links":{"self":[{"href":"https:\/\/smho-test.boreal321.com\/fwsecondary\/wp-json\/wp\/v2\/pages\/201","targetHints":{"allow":["GET"]}}],"collection":[{"href":"https:\/\/smho-test.boreal321.com\/fwsecondary\/wp-json\/wp\/v2\/pages"}],"about":[{"href":"https:\/\/smho-test.boreal321.com\/fwsecondary\/wp-json\/wp\/v2\/types\/page"}],"author":[{"embeddable":true,"href":"https:\/\/smho-test.boreal321.com\/fwsecondary\/wp-json\/wp\/v2\/users\/2"}],"replies":[{"embeddable":true,"href":"https:\/\/smho-test.boreal321.com\/fwsecondary\/wp-json\/wp\/v2\/comments?post=201"}],"version-history":[{"count":1,"href":"https:\/\/smho-test.boreal321.com\/fwsecondary\/wp-json\/wp\/v2\/pages\/201\/revisions"}],"predecessor-version":[{"id":202,"href":"https:\/\/smho-test.boreal321.com\/fwsecondary\/wp-json\/wp\/v2\/pages\/201\/revisions\/202"}],"up":[{"embeddable":true,"href":"https:\/\/smho-test.boreal321.com\/fwsecondary\/wp-json\/wp\/v2\/pages\/89"}],"wp:featuredmedia":[{"embeddable":true,"href":"https:\/\/smho-test.boreal321.com\/fwsecondary\/wp-json\/wp\/v2\/media\/865"}],"wp:attachment":[{"href":"https:\/\/smho-test.boreal321.com\/fwsecondary\/wp-json\/wp\/v2\/media?parent=201"}],"wp:term":[{"taxonomy":"category","embeddable":true,"href":"https:\/\/smho-test.boreal321.com\/fwsecondary\/wp-json\/wp\/v2\/categories?post=201"},{"taxonomy":"post_tag","embeddable":true,"href":"https:\/\/smho-test.boreal321.com\/fwsecondary\/wp-json\/wp\/v2\/tags?post=201"}],"curies":[{"name":"wp","href":"https:\/\/api.w.org\/{rel}","templated":true}]}}